
Let q(i) = -2133*i - 6400. Calculate q(-3).
-1
Let r(n) = -n**3 - 220*n**2 - 218*n - 47972. What is r(-220)?
-12
Let q(u) = -6*u**2 - 6501*u + 1464977. Give q(-1275).
2
Let q(l) = -35*l**2 + 141*l + 39. What is q(2)?
181
Let u(w) = w**3 - 42*w**2 - 6132*w + 1355. What is u(102)?
131
Let q(m) = -3862*m + 108176. What is q(28)?
40
Let f(x) = -7*x**3 + 41*x**2 - 66*x + 30. What is f(4)?
-26
Let p(t) = -t**3 - 3*t**2 + 1156*t + 11. Determine p(0).
11
Let a(n) = 3*n**2 + 735*n + 42336. Determine a(-93).
-72
Let c(k) = 5162*k + 7913336. Give c(-1533).
-10
Let a(o) = o**3 - 571*o**2 - 3470*o + 4625. What is a(577)?
9
Let z(m) = 3846*m + 49764. Calculate z(-13).
-234
Let q(i) = -98593*i + 295730. Determine q(3).
-49
Let p(o) = -6*o**3 - 144*o**2 + 110*o + 3409. What is p(-24)?
769
Let q(b) = 27505*b - 25772182. Determine q(937).
3
Let b(n) = -5*n**2 - 54*n + 140. What is b(5)?
-255
Let h(b) = -3*b**2 + 204*b + 890. What is h(70)?
470
Let i(a) = -177*a + 1071. Give i(6).
9
Let q(t) = -47*t**3 - 2*t**2 - 371*t + 1107. What is q(3)?
-1293
Let y(z) = -1392*z + 179. Give y(0).
179
Let q(y) = y**2 - 264*y - 230592. Calculate q(630).
-12
Let f(l) = l**2 + 16321*l + 130490. What is f(-8)?
-14
Let z(r) = -2336*r - 441501. Calculate z(-189).
3
Let z(s) = s**3 - 21*s**2 - 452*s - 1606. Calculate z(-5).
4
Let a(g) = 3*g**2 + 17570*g + 70260. Give a(-4).
28
Let k(g) = -6*g**2 - 77*g + 115. Calculate k(-14).
17
Let c(d) = -d**3 - 1021*d**2 + 261*d - 777736. Calculate c(-1022).
6
Let c(l) = 44*l**2 + 2687*l - 222. Determine c(-61).
-405
Let k(z) = -19527*z - 390543. What is k(-20)?
-3
Let a(w) = -120*w - 206738. What is a(-1723)?
22
Let q(z) = 74*z**3 - 137*z**2 - 684*z + 17. What is q(-5)?
-9238
Let n(v) = v**2 - 898*v - 53583. Determine n(-56).
-159
Let q(x) = -5*x**2 + 1560*x + 76331. What is q(355)?
6
Let x(k) = -k**3 + 38*k**2 + 176*k - 5523. What is x(39)?
-180
Let w(i) = -i**3 - 94*i**2 - 1991*i - 432. What is w(-62)?
2
Let l(o) = 195877*o + 2154651. What is l(-11)?
4
Let r(a) = -a**2 + 371*a + 186976. What is r(-285)?
16
Let d(r) = -r**3 - 29*r**2 - 6*r + 1337. Determine d(-20).
-2143
Let n(z) = -3806*z + 163671. What is n(43)?
13
Let o(n) = -63*n**2 - 5837*n - 5836. Calculate o(-1).
-62
Let g(r) = -r**2 - 9655*r - 16017468. Give g(-2128).
-12
Let w(b) = 223*b + 2221. What is w(-9)?
214
Let x(z) = 2*z**2 + 2899*z - 49556. Calculate x(17).
305
Let n(k) = -4*k**3 + 307*k**2 + 55*k + 1721. Give n(77).
27
Let q(a) = 7*a**2 - 355*a + 203. Determine q(50).
-47
Let f(z) = 11*z**2 + 301*z + 1302. Calculate f(-33).
3348
Let w(x) = -970*x + 195. Give w(0).
195
Let c(w) = -3*w**2 - 453*w - 2219. Give c(-146).
-29
Let p(d) = -d**2 + 829*d - 19142. Give p(24).
178
Let b(w) = w**2 - 1619*w - 19599. Calculate b(-12).
-27
Let f(l) = 29999*l - 539952. Give f(18).
30
Let h(n) = -2*n**2 + 723*n - 50761. What is h(106)?
3405
Let x(u) = -8*u**2 - 56*u - 386. What is x(-13)?
-1010
Let m(o) = -23761*o - 95096. Calculate m(-4).
-52
Let h(a) = -28*a**2 - 4*a + 227. Determine h(-3).
-13
Let v(r) = 33*r**2 - 13365*r - 13367. Give v(-1).
31
Let g(w) = w**2 + 180*w - 3785. What is g(19)?
-4
Let u(t) = 509*t + 6498. Determine u(-13).
-119
Let i(o) = 21904*o - 3701784. Calculate i(169).
-8
Let l(b) = 8550*b + 59118. What is l(-7)?
-732
Let g(b) = -b**3 + 37*b**2 - 65*b + 8. Determine g(35).
183
Let u(l) = -l**3 - 369*l**2 + 239*l + 88298. Determine u(-369).
107
Let b(d) = 74*d**3 - 12*d**2 + 334*d - 1298. What is b(4)?
4582
Let z(v) = 2*v**3 - 126*v**2 - 136*v + 304. Determine z(64).
-208
Let x(d) = -d**2 - 128*d + 8619. Give x(49).
-54
Let b(g) = -1173204*g + 3519609. Give b(3).
-3
Let f(y) = -379*y - 31422. What is f(-83)?
35
Let q(h) = -261*h**2 - 2136*h + 28. What is q(-8)?
412
Let z(w) = -52*w**2 + 2225*w - 145. Calculate z(43).
-618
Let z(l) = -1093*l**2 + 7623*l + 216. Determine z(7).
20
Let x(m) = m**3 + 111*m**2 - 2620*m + 187. Determine x(-131).
187
Let z(n) = -n**3 + 152*n**2 + 27*n - 1791. What is z(152)?
2313
Let s(h) = 18*h - 293. Calculate s(36).
355
Let o(w) = 4*w**2 - 239*w - 2323. Calculate o(-8).
-155
Let f(t) = -9*t**2 - 1098*t - 3151. Determine f(-119).
62
Let t(s) = -760*s - 7052. What is t(-9)?
-212
Let v(t) = 890*t + 4119. Calculate v(-7).
-2111
Let u(r) = 8*r**3 - 8*r**2 - 1177*r - 5850. Determine u(-5).
-1165
Let d(x) = 300*x**2 - 2546*x + 1162. Determine d(8).
-6
Let w(b) = -6718*b - 11662457. Calculate w(-1736).
-9
Let o(p) = -3*p**2 + 6325*p + 50459. Calculate o(-8).
-333
Let g(m) = 2*m**2 + 5997*m - 5993. Give g(1).
6
Let b(s) = 4828*s - 28536. What is b(6)?
432
Let b(w) = 8898*w + 151175. What is b(-17)?
-91
Let d(a) = 3517*a + 35241. What is d(-10)?
71
Let p(n) = 20*n**3 + 219*n**2 - 98*n - 1248. What is p(-11)?
-291
Let w(n) = 12*n**2 - 150*n + 270. What is w(7)?
-192
Let k(b) = -20125*b - 261750. What is k(-13)?
-125
Let r(n) = -12734*n - 76377. Determine r(-6).
27
Let i(j) = j**2 - 127*j + 2517. What is i(55)?
-1443
Let r(x) = x**2 + 1151*x - 165180. Calculate r(129).
-60
Let p(a) = -3*a**3 + 137*a**2 - 460*a - 121. Calculate p(42).
-37
Let i(a) = 2097*a + 549. Calculate i(-3).
-5742
Let j(w) = 17512*w - 70060. What is j(4)?
-12
Let r(m) = -m**3 - 2*m**2 + 196650*m - 196648. Determine r(1).
-1
Let h(n) = -n**3 - 317*n**2 + 63388*n - 270. What is h(139)?
286
Let h(z) = -z**3 + 46*z**2 + 3827*z - 5. Calculate h(-43).
-5
Let t(r) = -r**2 + 7405*r - 59188. What is t(8)?
-12
Let d(o) = -3*o**3 + 93*o**2 - 52*o + 227. Calculate d(31).
-1385
Let g(q) = -8*q**2 - 185*q - 1023. Give g(-8).
-55
Let l(d) = -d**2 + 501*d - 18019. What is l(39)?
-1
Let z(v) = 14601*v - 759258. Calculate z(52).
-6
Let m(d) = 44*d**2 - 388*d - 428. Calculate m(-1).
4
Let d(x) = 2*x**2 + 148*x - 2134. Calculate d(13).
128
Let n(h) = 5*h**2 - 34*h + 379. Calculate n(11).
610
Let u(t) = -t**2 + 240*t - 6429. What is u(210)?
-129
Let k(v) = -v**2 + 523*v - 7624. Calculate k(508).
-4
Let a(o) = -6*o**2 + 524*o - 9621. Calculate a(61).
17
Let z(f) = -2*f**3 - 51*f**2 + 295*f - 259. Give z(-30).
-1009
Let g(c) = 4*c**2 - 306*c - 3100. Determine g(-9).
-22
Let q(t) = 23*t**2 - 2214*t + 14835. Determine q(89).
-28
Let f(d) = -197*d + 9552. What is f(44)?
884
Let n(d) = -134346*d + 806050. Calculate n(6).
-26
Let h(d) = d**3 - 9*d**2 - 480*d - 301. Calculate h(28).
1155
Let c(q) = -219*q**2 - 247*q - 950. Calculate c(-4).
-3466
Let n(u) = 876*u - 50669. Determine n(61).
2767
Let p(a) = -a**2 + 160*a - 5921. Give p(104).
-97
Let f(j) = 5*j**3 - 74*j**2 - 512*j - 21. Calculate f(20).
139
Let b(i) = 41394*i + 329773. What is b(-8)?
-1379
Let u(p) = 4*p**2 - 202*p - 162. Calculate u(44).
-1306
Let w(n) = 353*n + 33571. Determine w(-95).
36
Let i(g) = -12*g**3 - 49*g**2 - 30*g - 110. Determine i(-4).
-6
Let u(c) = 4791*c + 2079337. What is u(-434)?
43
Let f(s) = -2*s**2 - 190*s + 1339. What is f(7)?
-89
Let h(g) = g**2 - 940*g - 328149. Determine h(-271).
32
Let i(l) = -2451*l - 2587. What is i(-1)?
-136
Let l(w) = -w**3 - 253*w**2 - 4836*w + 8371. Calculate l(-232).
19
Let o(y) = 19*y**2 + 2983*y + 58581. Calculate o(-134).
23
Let w(h) = h**3 - 51*h**2 + 86*h - 1309. Calculate w(50).
491
Let p(z) = -315*z**2 + 1150*z + 437. Determine p(4).
-3
Let w(g) = -1528*g**2 - 9192*g + 9. Determine w(-6).
153
Let w(q) = -26*q**2 - 2998*q - 17136. Give w(-6).
-84
Let q(l) = -l**3 + 188*l**2 + 2272*l - 16528. Give q(199).
-11
Let v(m) = -1502*m**2 - 16505*m + 187. Determine v(-11).
0
Let h(y) = 14189*y - 14308. Determine h(1).
-119
Let v(h) = -81488*h + 570439. What is v(7)?
23
Let r(i) = 2522*i - 285063. Calculate r(113).
-77
Let i(o) = o**2 + 4458*o - 4458. Determine i(1).
1
Let v(t) = 2655*t - 19579. Determine v(8).
1661
Let z(q) = 4*q**3 - 507*q**2 + 3238*q + 233. What is z(120)?
-7
Let r(y) = -16*y**2 - 573*y + 5771. What is r(-44)?
7
Let j(p) = -38*p**3 - 23*p**2 + 37*p. Give j(2).
-322
Let q(j) = j**2 - 4651*j - 2603779. What is q(-505)?
1
Let h(u) = 89*u**2 - 1559*u + 849. Give h(17).
67
Let j(o) = -2*o**3 + 437*o**2 - 1501*o - 959. Give j(215).
-99
Let c(r) = 6*r**3 + 3580*r**2 - 1189*r + 3066. Give c(-597).
81
Let f(h) = 1676*h + 16200. Give f(-10).
-560
Let u(t) = t**2 - 19*t - 514. Determine u(34).
-4
Let x(p) = -298*p**2 - 202*p + 61. Calculate x(2).
-1535
Let k(z) = -103*z - 9896. Calculate k